075
Calculate the remainder when 400353 is divided by 1211.
723
What is the remainder when 1322346 is divided by 6563?
3183
What is the remainder when 5951407 is divided by 850132?
483
What is the remainder when 415786 is divided by 23097?
40
What is the remainder when 12388936 is divided by 479?
80
What is the remainder when 9337810 is divided by 242?
240
Calculate the remainder when 548276 is divided by 274077.
122
What is the remainder when 91778 is divided by 18319?
183
Calculate the remainder when 111728 is divided by 1841.
1268
Calculate the remainder when 105514 is divided by 52358.
798
What is the remainder when 75404 is divided by 2255?
989
Calculate the remainder when 365602 is divided by 3850.
3702
Calculate the remainder when 25066356 is divided by 9947.
9863
What is the remainder when 4932467 is divided by 74?
71
Calculate the remainder when 15096 is divided by 7210.
676
What is the remainder when 47283432 is divided by 22?
20
What is the remainder when 648854 is divided by 69?
47
What is the remainder when 72897399 is divided by 2245?
4
Calculate the remainder when 163097 is divided by 80415.
2267
Calculate the remainder when 7428 is divided by 201.
192
What is the remainder when 3630021 is divided by 1814906?
209
Calculate the remainder when 20262160 is divided by 143703.
37
What is the remainder when 5439813 is divided by 1087960?
13
What is the remainder when 217703 is divided by 43511?
148
What is the remainder when 321968121 is divided by 8134?
8133
What is the remainder when 6313206 is divided by 95?
76
Calculate the remainder when 1752128 is divided by 146007.
44
What is the remainder when 1137469 is divided by 263?
257
Calculate the remainder when 9940907 is divided by 130801.
31
What is the remainder when 22428587 is divided by 893?
892
What is the remainder when 11842059 is divided by 3947351?
6
What is the remainder when 5106755 is divided by 346?
141
What is the remainder when 30932 is divided by 29089?
1843
Calculate the remainder when 12291 is divided by 5960.
371
Calculate the remainder when 39047 is divided by 12718.
893
Calculate the remainder when 5828941 is divided by 189.
181
What is the remainder when 410914 is divided by 58692?
70
What is the remainder when 189875 is divided by 1662?
407
Calculate the remainder when 34190 is divided by 16941.
308
Calculate the remainder when 943025884 is divided by 314341957.
13
What is the remainder when 53609 is divided by 13077?
1301
What is the remainder when 5917792 is divided by 6568?
24
What is the remainder when 93953 is divided by 31307?
32
What is the remainder when 7811896 is divided by 1372?
1100
What is the remainder when 99729 is divided by 1346?
125
Calculate the remainder when 1906929 is divided by 68.
5
Calculate the remainder when 174269 is divided by 58.
37
Calculate the remainder when 4269332 is divided by 542.
540
Calculate the remainder when 971720 is divided by 57158.
34
Calculate the remainder when 54944 is divided by 1498.
1016
What is the remainder when 493342 is divided by 143?
135
Calculate the remainder when 376839910 is divided by 8.
6
Calculate the remainder when 19381234 is divided by 58731.
4
What is the remainder when 5986616 is divided by 842?
838
Calculate the remainder when 62458 is divided by 3554.
2040
What is the remainder when 320341 is divided by 754?
645
What is the remainder when 1164834 is divided by 5177?
9
Calculate the remainder when 299524 is divided by 1152.
4
What is the remainder when 209566 is divided by 185?
146
What is the remainder when 50598463 is divided by 15?
13
Calculate the remainder when 2040715 is divided by 132.
127
What is the remainder when 4703 is divided by 139?
116
Calculate the remainder when 8759139 is divided by 59.
58
Calculate the remainder when 334754 is divided by 1870.
24
Calculate the remainder when 616936 is divided by 1356.
1312
What is the remainder when 49451 is divided by 8128?
683
What is the remainder when 2997161 is divided by 19462?
13
What is the remainder when 8887599 is divided by 48832?
175
Calculate the remainder when 67096693 is divided by 392.
13
What is the remainder when 13481 is divided by 4617?
4247
Calculate the remainder when 2196184 is divided by 1942.
1724
What is the remainder when 289576 is divided by 8753?
727
What is the remainder when 2472471 is divided by 51?
42
What is the remainder when 303980 is divided by 30168?
2300
Calculate the remainder when 75354821 is divided by 11743.
11733
Calculate the remainder when 5310056 is divided by 5019.
4973
Calculate the remainder when 7998694 is divided by 1589.
1257
What is the remainder when 2734380 is divided by 12898?
4
What is the remainder when 20259795 is divided by 2?
1
What is the remainder when 1154992 is divided by 96248?
16
Calculate the remainder when 1918101 is divided by 115.
16
What is the remainder when 584439740 is divided by 30?
20
What is the remainder when 75060886 is divided by 25020276?
58
What is the remainder when 390984867 is divided by 19?
17
What is the remainder when 713227 is divided by 526?
497
What is the remainder when 1077270 is divided by 5856?
5622
Calculate the remainder when 484218 is divided by 416.
410
What is the remainder when 21069787 is divided by 51896?
11
Calculate the remainder when 3226980 is divided by 851.
839
What is the remainder when 78444042 is divided by 3645?
3642
Calculate the remainder when 170108 is divided by 18475.
3833
What is the remainder when 1687953 is divided by 99291?
6
What is the remainder when 2198273 is divided by 7354?
6781
What is the remainder when 285666 is divided by 8927?
2
What is the remainder when 17128841 is divided by 114?
113
What is the remainder when 128252 is divided by 811?
114
What is the remainder when 6701061 is divided by 573?
399
What is the remainder when 105368 is divided by 103876?
1492
What is the remainder when 1182708 is divided by 1542?
1536
Calculate the remainder when 95314 is divided by 3047.
857
What is the remainder when 2275884 is divided by 92?
80
What is the remainder when 452513 is divided by 3803?
3759
Calculate the remainder when 165745495 is divided by 259.
258
What is the remainder when 54941199 is divided by 20?
19
What is the remainder when 1570607 is divided by 56090?
87
What is the remainder when 1043138 is divided by 438?
260
Calculate the remainder when 466437 is divided by 92916.
1857
What is the remainder when 182391 is divided by 354?
81
Calculate the remainder when 156773 is divided by 468.
461
What is the remainder when 86553388 is divided by 140281?
11
Calculate the remainder when 90254854 is divided by 4436.
4434
Calculate the remainder when 941931 is divided by 8410.
11
What is the remainder when 67595263 is divided by 38211?
4
Calculate the remainder when 18735442 is divided by 2190.
2182
What is the remainder when 57746 is divided by 55458?
2288
What is the remainder when 1409155 is divided by 537?
67
What is the remainder when 8680380 is divided by 2893423?
111
What is the remainder when 434257 is divided by 2030?
1867
What is the remainder when 3144761 is divided by 681?
584
What is the remainder when 18733554 is divided by 2568?
2562
What is the remainder when 46302834 is divided by 21?
18
What is the remainder when 1559998 is divided by 194998?
14
What is the remainder when 8093499 is divided by 500?
499
Calculate the remainder when 3080713 is divided by 68460.
13
What is the remainder when 12859 is divided by 4701?
3457
Calculate the remainder when 65952696 is divided by 45642.
6
What is the remainder when 350017 is divided by 941?
906
What is the remainder when 8591039 is divided by 2863670?
29
What is the remainder when 10851941 is divided by 20789?
83
Calculate the remainder when 627021467 is divided by 56.
51
Calculate the remainder when 1407115 is divided by 16554.
25
Calculate the remainder when 2847494164 is divided by 53.
52
Calculate the remainder when 10424058 is divided by 42.
36
Calculate the remainder when 1617987 is divided by 231139.
14
Calculate the remainder when 462102 is divided by 101.
27
What is the remainder when 155276 is divided by 9042?
1562
Calculate the remainder when 443426 is divided by 5613.
5612
What is the remainder when 16407963 is divided by 5007?
24
Calculat